ppose -1 = i + 5. Let t(d) = 4*d**3 - 5*d**2 + 11*d - 1. Let g(v) = -5*v**3 + 5*v**2 - 12*v + 1. Let w(s) = i*t(s) - 5*g(s). What is w(-6)?
1
Let i(z) = 10*z + 1. Let n(q) = q**2 - 3*q. Let k be n(4). Let m be 1/(0 - (-1)/k). Suppose -5*w - 4*c + 7 = 0, -m*w + 2 = -2*c + 4*c. Determine i(w).
-9
Let i(s) = 216 + 3*s - 111 - 105. Calculate i(-1).
-3
Let l(u) be the first derivative of 1/3*u**3 + 3*u**2 + 1 + 0*u. Calculate l(-4).
-8
Let p(c) = -7*c - 15. Let z(y) = -y**3 + 5*y**2 - 3*y - 4. Let n be z(3). Let m(o) = 11*o + 23. Let d(r) = n*m(r) + 8*p(r). Calculate d(-4).
-1
Let g(x) = x + 9. Let z = -84 + 74. Give g(z).
-1
Let u(f) = -f**3 - 3*f**2 + 4*f - 4. Suppose 0 = -2*c - 2*i + 32, -2*c + 13 = -i - 13. Suppose 4*h = -d - 20, h = 5*d + 2 + c. Give u(h).
-4
Let i(l) = 9 + 2*l - 4 - 7*l - 5*l + 2*l**2. Let r(w) = 1 + 2 + w**2 - 5*w + 0*w. Let q(y) = 3*i(y) - 7*r(y). Give q(5).
-6
Suppose 9*y - 2*y = -42. Let z(g) = g**3 + 7*g**2 + 6*g - 4. What is z(y)?
-4
Let h(c) be the first derivative of 3*c**4/4 + c**3/3 - c**2/2 + 21. Give h(1).
3
Suppose 0 = -0*r + 3*r - 9. Let s(f) = f**3 - 3*f**2. What is s(r)?
0
Let z(y) = -y**3 + 3*y**2 + 4*y - 4. Suppose -3*c = 2*r - 4*r - 7, -5 = -5*r. What is z(c)?
8
Let v be (15/2)/(3/1). Let w(g) be the first derivative of g + v*g**2 - 3 + 1/3*g**3. Determine w(-5).
1
Let c(p) = p**2 + 7*p + 4. Let k(y) = 3*y - 81. Let a be k(25). What is c(a)?
-2
Let q(j) = -j + 17. Let s be q(12). Let x(v) = 0*v**2 - 4 + v**3 - 2*v**3 + 4*v**2 + 4*v. Calculate x(s).
-9
Let j be (-2)/(-4) - (-8)/32*2. Let v(s) = 9*s. Calculate v(j).
9
Let b be (0/(-1))/(1 + 0). Suppose b = -5*m + 3*t + 10, -2*m - 3*t - 12 = 5. Let h(n) = -8*n - 1. Calculate h(m).
7
Let h(o) be the third derivative of o**4/8 + 3*o**2. Let n = 0 - -6. Suppose 3*d = d - n. Give h(d).
-9
Let z(y) = -y - 10. Suppose -4*f - t = -5*t + 20, 9 = -3*t. Calculate z(f).
-2
Let p(b) = b**3 + 5*b**2 + 2*b - 3. Let k be 2 - (0 + 2/(-2)). Let s be (4 - k)/(2/8). Suppose h - 2*h - s = 0. What is p(h)?
5
Let r(w) = w**2 + 3*w + 1. Let h be r(-3). Suppose 5*m = -f + 7, -2*f = 5*m - 5 + h. Let k(v) = -v - 3. Give k(f).
0
Let j(c) be the first derivative of c**4/4 - c**3 - 3*c**2/2 - 2*c - 47. Give j(4).
2
Let y(w) = -w**2 - 5*w + 6. Suppose -25 + 0 = -5*d. Suppose d*h - 3*o + 17 = h, 4*o - 16 = 4*h. Give y(h).
6
Let z(m) = -6*m + 33. Let j be z(6). Let k(b) = -3*b**2 - 4*b. Determine k(j).
-15
Let o(c) = -c**3 + 5*c**2 + 1. Let x(f) = -f**3 + 2*f**2 + 3*f + 2. Let p be x(3). Suppose 8 + 2 = p*h. Calculate o(h).
1
Let l(n) = -n**3 + 2. Let s be l(0). Let v(o) be the second derivative of -2*o + 1/6*o**3 - 2*o**s + 0. Give v(4).
0
Suppose 0 = -p - 3*c - 12, -3*p + 13 + 1 = -c. Suppose -a - 5*n = -0*a, 0 = p*a + 3*n + 12. Let r(d) = d + 6. Determine r(a).
1
Let a(z) = -z + 7. Let b(j) = -j + 8. Let g(p) = -6*a(p) + 5*b(p). Determine g(3).
1
Let w(n) = -n**2 - n + 18. Let j be w(-5). Let l(o) = -3*o**3 - o**2 + 7*o**3 - 3*o**3. Give l(j).
-12
Let b(r) be the second derivative of 7*r**3/6 - r**2 + 13*r. Determine b(-2).
-16
Let y = -109/2 + 56. Let m(c) be the second derivative of y*c**2 + 1/12*c**4 - 2/3*c**3 - c + 0. What is m(2)?
-1
Let y(x) = 4 + 1 + 2*x**2 - 3*x - 3. Calculate y(2).
4
Let r(a) = 3*a - 8. Let w(g) = -2*g + 7. Let b(d) = -4*r(d) - 5*w(d). Suppose 0 = 4*v - 3*n - 0*n + 32, 11 = v + 4*n. Determine b(v).
7
Let w(n) be the first derivative of -n**4/4 - n**3 + 3*n**2/2 - 4*n + 1. Let s = -20 + 11. Let a(j) = -j**3 - 10*j**2 - 10*j - 13. Let b be a(s). Give w(b).
0
Let q(m) = 2*m + 3 - m - 3. What is q(-4)?
-4
Let o(c) = -c**3 - 7*c**2 - 4*c + 12. Let j be o(-6). Let d(x) be the second derivative of -x**4/12 + 11*x**2/2 + 6*x. What is d(j)?
11
Let q(x) = 6*x + 0*x**2 + 12 - x**2 + 0*x**2 - 18. Let c(z) = -4*z**2 + z. Let n be c(1). Let r be (-5 - -2)*4/n. What is q(r)?
2
Let h(i) = -i + 1. Let g(r) = 4*r + 10 - 2*r - r. Let l be g(-10). Suppose 0*d - 2*d = l. Calculate h(d).
1
Let q(v) = v**3 + v**2 + v - 1. Let g be (1 + (-2)/(-6))*6. Suppose 3*n = -n - g. Determine q(n).
-7
Let k(o) = o**3 + 6*o**2 - o - 3. Let g = -15 + 8. Let d = 1 + g. Calculate k(d).
3
Let p(v) = -v**2. Let g(b) = -b**3 - 7*b**2 - 6*b - 2. Let n(i) = g(i) - p(i). Determine n(-5).
3
Let x(y) = -2*y**2 + 15*y - 15. Let f be x(6). Let r(h) = -1 - 3 + 6 - 2*h. Determine r(f).
-4
Let t(n) = 2*n - 6. Let h = 0 + 5. Determine t(h).
4
Let f(w) be the first derivative of -2*w + 2/3*w**3 - 3 + 0*w**2. What is f(2)?
6
Let f(o) = -5 + o**3 - 10*o**2 + 6*o**2 + 0*o**2 - 5*o. Calculate f(5).
-5
Let q(m) = -2*m. Let h(s) = -s. Let l(v) = 3*h(v) - q(v). Calculate l(-6).
6
Let b(t) be the first derivative of -t**2/2 - 3*t + 2. What is b(-4)?
1
Let w(l) = l - 4. Suppose -3*h - 4 = -4*q + 2*h, 4*q - 2*h = -8. Give w(q).
-8
Let a(k) = k. Let i(d) = d**3 + 6*d**2 + 5. Let c be i(-6). Let r(b) = -b**3 + 6*b**2 - 5*b + 2. Let v be r(c). Calculate a(v).
2
Suppose -m + 12 = 4*s, -3*s - 6 - 4 = -4*m. Suppose -n = 3*d - 4*n - 12, 3*d + 4*n + 2 = 0. Let b(c) = c**3 + 0*c**3 + c**s - d + c**2. What is b(-2)?
-2
Let b(s) = -s**2 - 2*s - 3. Suppose 0 = -2*d + 6*d - 4*t + 24, -2*t = 0. Let q = 4 + d. What is b(q)?
-3
Let d(g) = -3*g - 1. Let h(p) = -4*p - 1. Let r(b) = 3*d(b) - 2*h(b). What is r(4)?
-5
Let f be 4/10 - 14/10. Let m(d) be the first derivative of 3*d**2/2 - 11*d - 1. Let l(j) = 1. Let w(c) = f*m(c) - 4*l(c). Give w(5).
-8
Let c(p) = -p + 7. Let t(u) = 3*u**3 + 0*u**3 - 2*u**3 - 12*u**2 + 4. Let n be t(12). Determine c(n).
3
Let z(s) be the first derivative of -5*s**4/4 + 2*s**3/3 - s - 6. What is z(1)?
-4
Let a(j) be the first derivative of j**4/4 - 5*j**3/3 + 5*j**2/2 - 3*j - 21. Let b = 1 - -2. Calculate a(b).
-6
Let m(w) = w + 22. Let t be m(-22). Let b(f) = -f**3 - f**2 + 5. Calculate b(t).
5
Let m(d) = 9*d**3 + d. Suppose 3*z - 3*y + 3 = 0, 5*y - 4*y = 2. What is m(z)?
10
Let x(g) = 3*g - 4*g + 6 - 3. Let f be x(5). Let w(z) = -z - 1. Give w(f).
1
Let g(h) = 3*h**2 - 3*h - 2. Let y(k) = 7*k**2 - 7*k - 5. Let v(b) = 9*g(b) - 4*y(b). What is v(-2)?
-4
Let i(r) = 4*r**3 - 2*r**3 + 0*r**2 + 2*r**2 - r + 0*r**2. Determine i(-2).
-6
Let j(p) = 5*p**2 + 3*p - 7. Let b(t) = 14*t**2 + 8*t - 21. Let d(u) = -3*b(u) + 8*j(u). Let h(l) be the first derivative of d(l). Calculate h(-3).
12
Suppose 2*t + 0*t + 10 = 0. Let y(p) = 2 - 5*p - 4*p - 5*p + 15*p. Calculate y(t).
-3
Let y be (-1)/(((-10)/4)/5). Let a(o) = o**2 - 1 - 2 + 3*o - y*o**2 + o. What is a(3)?
0
Let g(p) = -p**3 + 7*p**2 - 5*p - 4. Suppose 3*b + 2 = 20. Calculate g(b).
2
Let f(y) = y + 11. Let o(n) = n + 9. Let g(q) = -5*f(q) + 6*o(q). Calculate g(5).
4
Suppose -2*i - p - 10 = -5*p, 0 = -4*p + 12. Let q = 6 - i. Suppose c = 1, r + 3 = -q*c + 11. Let s(z) = z**3 - 3*z**2 - z. What is s(r)?
-3
Let f(a) = -4*a**3 + 2*a**2 - 15*a - 2. Let i(v) = -3*v**3 + v**2 - 10*v - 1. Let p(k) = 5*f(k) - 7*i(k). Determine p(-4).
1
Let j(z) = -z**3 - 5*z**2 - z - 7. Suppose 4*i = -0*i. Let l(s) = i*s - 5 + 0*s - s. Let r be l(0). What is j(r)?
-2
Let a(h) = -h**2 - 3*h + 6. Let d be a(-5). Let i(p) be the second derivative of -p**4/12 - p**3/2 + p**2 + 11*p. What is i(d)?
-2
Let t(s) = -2 - 1 + 2*s + 0*s**2 - s**2 + 3*s. Let j be t(4). Let m(o) = j + 7 + 0*o**3 + o**3 - 1 - o. Determine m(0).
7
Let v(a) be the second derivative of 0*a**4 + 1/6*a**3 - 1/4*a**5 - 1/2*a**2 + 0 + 3*a. Let s be 2/(-1*6)*-3. Calculate v(s).
-5
Let a be -2 + -5 - (-2 + 5). Let h be 3/5 + (-34)/a. Let n(y) = -4 + h*y - y**3 + 1 - 2*y**2 + y**2 - y. Give n(-3).
6
Let f be 32/6 + 1/(-3). Let h = -8 + f. Let q(p) = -p**2 + 2. Give q(h).
-7
Suppose 4*h - h - 9 = 0. Let w(r) = -r + 0 + 2 + 4 + 1. Calculate w(h).
4
Suppose -c + 1 = -2. Suppose c*y + 4*l + 32 = 7*y, -l - 12 = -2*y. Let o(w) = w**2 + 6*w - 3 - 2*w**2 + 1 - 4. What is o(y)?
2
Let c(o) be the third derivative of o**7/2520 - o**6/120 + o**5/30 - 7*o**4/24 - 4*o**2. Let y(x) be the second derivative of c(x). Calculate y(6).
4
Let i(v) = v - 1. Let a(b) = -b**2 + 5*b - 1. Let d be a(4). Let c be 1 + 16/2 - d. Calculate i(c).
5
Suppose -5*y = -d - d + 9, 4*y = -4*d - 24. Let x be (-2 + 7 - 2) + y. Let i(u) = -u**2 - u - 7. Determine i(x).
-7
Suppose 0 = b + 5*c + 13, 2*b + 0 + 2 = 2*c. Let m = -11 + 13. Let s(k) = -2*k**2 + k + k**3 + 4*k**m - 